3 and 3?
3
Calculate the highest common factor of 104 and 8.
8
What is the highest common factor of 275 and 4015?
55
Calculate the highest common divisor of 10 and 810.
10
Calculate the highest common divisor of 470 and 50.
10
Calculate the highest common factor of 1927 and 235.
47
Calculate the greatest common factor of 1020 and 30.
30
Calculate the highest common factor of 1173 and 1242.
69
What is the highest common divisor of 2360 and 10?
10
What is the greatest common divisor of 1107 and 205?
41
What is the greatest common divisor of 544 and 536?
8
What is the greatest common factor of 34 and 1394?
34
What is the greatest common divisor of 48 and 84?
12
Calculate the greatest common factor of 380 and 25.
5
Calculate the greatest common divisor of 21760 and 80.
80
Calculate the greatest common divisor of 330 and 345.
15
What is the highest common factor of 27 and 657?
9
What is the greatest common divisor of 1148 and 1008?
28
Calculate the greatest common divisor of 4644 and 378.
54
What is the highest common divisor of 66 and 22902?
66
What is the highest common factor of 32 and 944?
16
What is the greatest common factor of 1615 and 510?
85
Calculate the highest common divisor of 81 and 729.
81
Calculate the greatest common divisor of 16 and 528.
16
What is the highest common factor of 315 and 72?
9
Calculate the greatest common divisor of 280 and 2360.
40
What is the greatest common factor of 949 and 13?
13
What is the highest common divisor of 1269 and 94?
47
Calculate the greatest common factor of 1490 and 170.
10
Calculate the greatest common divisor of 1532 and 4.
4
What is the greatest common factor of 9 and 477?
9
Calculate the highest common divisor of 9 and 120.
3
What is the greatest common factor of 64757 and 203?
203
Calculate the greatest common divisor of 32 and 16.
16
Calculate the greatest common divisor of 29508 and 84.
12
Calculate the highest common factor of 8 and 152.
8
What is the highest common divisor of 1623 and 15?
3
Calculate the highest common factor of 51 and 391.
17
Calculate the greatest common divisor of 598 and 26.
26
What is the highest common divisor of 2964 and 39?
39
Calculate the greatest common divisor of 3234 and 66.
66
Calculate the greatest common factor of 24 and 6.
6
What is the greatest common factor of 34 and 425?
17
Calculate the greatest common factor of 799 and 235.
47
Calculate the highest common divisor of 275 and 1705.
55
Calculate the highest common divisor of 396 and 88.
44
Calculate the highest common divisor of 4 and 2410.
2
What is the greatest common factor of 36 and 252?
36
Calculate the highest common factor of 708 and 12.
12
Calculate the greatest common divisor of 180 and 450.
90
Calculate the greatest common factor of 60 and 510.
30
What is the highest common factor of 144 and 208?
16
Calculate the greatest common divisor of 16 and 3184.
16
Calculate the greatest common factor of 7 and 2191.
7
What is the greatest common factor of 12912 and 6?
6
What is the greatest common divisor of 17 and 12461?
17
What is the greatest common divisor of 440 and 600?
40
What is the highest common divisor of 11431 and 483?
161
Calculate the highest common divisor of 14 and 896.
14
What is the highest common factor of 832 and 2368?
64
Calculate the greatest common divisor of 850 and 650.
50
What is the greatest common factor of 108 and 72?
36
What is the highest common factor of 3 and 237?
3
Calculate the highest common factor of 17523 and 891.
297
Calculate the greatest common divisor of 460 and 2140.
20
What is the highest common factor of 208 and 234?
26
Calculate the highest common divisor of 212 and 44.
4
Calculate the greatest common divisor of 32 and 10224.
16
What is the highest common factor of 3945 and 75?
15
Calculate the greatest common divisor of 1384 and 88.
8
What is the greatest common divisor of 54 and 126?
18
What is the greatest common factor of 266 and 12502?
266
What is the highest common factor of 256 and 608?
32
Calculate the highest common factor of 14 and 56.
14
Calculate the greatest common divisor of 26985 and 210.
105
What is the greatest common factor of 448 and 1372?
28
Calculate the highest common divisor of 256 and 160.
32
Calculate the greatest common divisor of 48 and 944.
16
Calculate the greatest common factor of 64 and 112.
16
What is the greatest common factor of 52 and 216?
4
What is the highest common divisor of 15 and 295?
5
What is the greatest common divisor of 36 and 264?
12
Calculate the greatest common factor of 202 and 12322.
202
Calculate the greatest common divisor of 21 and 21.
21
What is the highest common divisor of 148 and 111?
37
What is the highest common divisor of 192 and 432?
48
What is the highest common factor of 35 and 35?
35
Calculate the greatest common factor of 13 and 4615.
13
Calculate the greatest common factor of 110 and 80.
10
Calculate the greatest common factor of 18 and 81.
9
Calculate the greatest common divisor of 252 and 28.
28
What is the highest common factor of 1173 and 3621?
51
What is the greatest common factor of 13 and 4719?
13
What is the greatest common divisor of 11 and 8305?
11
What is the highest common divisor of 450 and 550?
50
Calculate the highest common factor of 11196 and 36.
36
What is the greatest common divisor of 1520 and 560?
80
What is the greatest common factor of 2888 and 8?
8
Calculate the highest common factor of 405 and 90.
45
What is the highest common factor of 6 and 82?
2
What is the greatest common divisor of 156 and 2145?
39
Calculate the highest common divisor of 6930 and 20.
10
What is the greatest common divisor of 884 and 272?
68
What is the highest common divisor of 868 and 28?
28
What is the highest common divisor of 135 and 280?
5
What is the highest common divisor of 100 and 11750?
50
What is the highest common divisor of 721 and 7?
7
What is the highest common factor of 1216 and 64?
64
Calculate the greatest common factor of 18 and 153.
9
What is the highest common divisor of 128 and 1072?
16
Calculate the greatest common divisor of 386 and 15826.
386
Calculate the greatest common divisor of 552 and 368.
184
Calculate the highest common divisor of 70044 and 156.
156
Calculate the highest common divisor of 1496 and 40.
8
What is the greatest common factor of 4 and 26?
2
Calculate the greatest common factor of 152 and 18658.
38
What is the greatest common factor of 65 and 117?
13
What is the greatest common factor of 22 and 12265?
11
What is the highest common factor of 644 and 49?
7
What is the highest common divisor of 24 and 732?
12
What is the greatest common factor of 133 and 413?
7
Calculate the greatest common divisor of 43230 and 33.
33
What is the highest common factor of 30 and 405?
15
What is the greatest common factor of 268 and 14606?
134
What is the greatest common factor of 686 and 98?
98
Calculate the highest common divisor of 261 and 324.
9
What is the highest common divisor of 61724 and 104?
52
Calculate the greatest common factor of 47 and 8507.
47
Calculate the highest common divisor of 22 and 40678.
22
What is the highest common factor of 1405 and 5?
5
What is the highest common factor of 30 and 582?
6
Calculate the highest common divisor of 229 and 13.
1
What is the greatest common divisor of 58949 and 506?
253
Calculate the highest common divisor of 392 and 266.
14
What is the greatest common divisor of 9 and 711?
9
What is the greatest common divisor of 374 and 22?
22
Calculate the greatest common divisor of 16 and 64.
16
Calculate the highest common factor of 2183 and 37.
37
Calculate the highest common factor of 35 and 6461.
7
Calculate the highest common factor of 328 and 136.
8
What is the greatest common factor of 188 and 329?
47
Calculate the greatest common divisor of 21 and 3.
3
What is the highest common divisor of 5038 and 110?
22
Calculate the highest common divisor of 27 and 18.
9
Calculate the greatest common divisor of 270 and 3870.
90
Calculate the greatest common divisor of 568 and 497.
71
Calculate the greatest common factor of 2950 and 350.
50
Calculate the greatest common factor of 20 and 52.
4
Calculate the greatest common factor of 511 and 219.
73
Calculate the greatest common factor of 5 and 2.
1
Calculate the greatest common fact